{"id":340208,"date":"2020-08-25T13:11:44","date_gmt":"2020-08-25T11:11:44","guid":{"rendered":"https:\/\/courtwatch.pl\/?page_id=340208"},"modified":"2021-08-20T14:18:44","modified_gmt":"2021-08-20T12:18:44","slug":"konferencja-2020","status":"publish","type":"page","link":"https:\/\/courtwatch.pl\/projekty\/projekty-zrealizowane\/konferencja-2020\/","title":{"rendered":"X Konferencja Fundacji Court Watch Polska"},"content":{"rendered":"\n<h2>Zapis konferencji:<\/h2>\n\n\n\n<figure class=\"wp-block-embed-youtube aligncenter wp-block-embed is-type-video is-provider-youtube wp-embed-aspect-16-9 wp-has-aspect-ratio\"><div class=\"wp-block-embed__wrapper\">\n<iframe loading=\"lazy\" title=\"Konferencja (Nie)dost\u0119pne s\u0105dy? Polski wymiar sprawiedliwo\u015bci w trakcie i po pandemii.\" width=\"500\" height=\"281\" src=\"https:\/\/www.youtube.com\/embed\/tVtYs_bTyfM?start=3&#038;feature=oembed\" frameborder=\"0\" allow=\"accelerometer; autoplay; clipboard-write; encrypted-media; gyroscope; picture-in-picture\" allowfullscreen><\/iframe>\n<\/div><\/figure>\n\n\n\n<hr class=\"wp-block-separator\"\/>\n\n\n\n<p><strong>Temat:<\/strong> (Nie)dost\u0119pne s\u0105dy? Polski wymiar sprawiedliwo\u015bci w trakcie i po pandemii.<br><strong>Data:<\/strong> 25 wrze\u015bnia 2020<br><\/p>\n\n\n\n<hr class=\"wp-block-separator\"\/>\n\n\n\n<h2>S\u0105dy a Covid-19<\/h2>\n\n\n\n<p>Czas pandemii koronawirusa wp\u0142yn\u0105\u0142 na funkcjonowanie wszystkich instytucji publicznych, w tym r\u00f3wnie\u017c s\u0105d\u00f3w. Na kilka tygodni zawiesi\u0142y prac\u0119, co dodatkowo wyd\u0142u\u017cy\u0142o i tak d\u0142ugi czas rozpatrywania spraw. Po tym czasie s\u0105dy wr\u00f3ci\u0142y do orzekania, jednak obostrzenia zwi\u0105zane z bezpiecze\u0144stwem zdrowotnym mia\u0142y i nadal maj\u0105 wielki wp\u0142yw na dost\u0119pno\u015b\u0107 s\u0105d\u00f3w dla obywateli. <strong>Wbrew art. 45 Konstytucji obywatele maj\u0105 ograniczony dost\u0119p do wymiaru sprawiedliwo\u015bci, w wielu s\u0105dach sprawy nie s\u0105 rozpatrywane jawnie, a wyroki og\u0142asza si\u0119 za zamkni\u0119tymi drzwiami.<\/strong><\/p>\n\n\n\n<h2>Wyniki najnowszych raport\u00f3w<\/h2>\n\n\n\n<p>Podczas konferencji opublikowali\u015bmy, jak co roku, wyniki Obywatelskiego Monitoringu S\u0105d\u00f3w z ostatniego, rocznego cyklu. By\u0142y one jednak poszerzone o wyniki <strong>monitoringu przestrzegania zasady jawno\u015bci<\/strong> w polskich s\u0105dach w ostatnich tygodniach. Sprawdzili\u015bmy tre\u015b\u0107 wszystkich zarz\u0105dze\u0144 prezes\u00f3w s\u0105d\u00f3w, a nasi Wolontariusze w sierpniu sprawdzili, jak dzia\u0142aj\u0105 one w praktyce w ponad 100 s\u0105dach w ca\u0142ej Polsce. <\/p>\n\n\n\n<div style=\"height:41px\" aria-hidden=\"true\" class=\"wp-block-spacer\"><\/div>\n\n\n\n<div class=\"wp-block-button aligncenter\"><a class=\"wp-block-button__link\" href=\"https:\/\/courtwatch.pl\/projekty\/publikacje\/obywatelski-monitoring-sadow-2020\/\">Raport z monitoringu przestrzegania zasady jawno\u015bci<\/a><\/div>\n\n\n\n<div style=\"height:40px\" aria-hidden=\"true\" class=\"wp-block-spacer\"><\/div>\n\n\n\n<p>Przedstawili\u015bmy r\u00f3wnie\u017c podsumowanie <strong>dobrych praktyk dost\u0119pno\u015bci s\u0105d\u00f3w w dobie pandemii z ca\u0142ego \u015bwiata<\/strong>.  <\/p>\n\n\n\n<div style=\"height:40px\" aria-hidden=\"true\" class=\"wp-block-spacer\"><\/div>\n\n\n\n<div class=\"wp-block-button aligncenter\"><a class=\"wp-block-button__link\" href=\"https:\/\/courtwatch.pl\/projekty\/publikacje\/sady-dostepne-przez-internet\/\">Raport: S\u0105dy dost\u0119pne przez Internet<\/a><\/div>\n\n\n\n<div style=\"height:41px\" aria-hidden=\"true\" class=\"wp-block-spacer\"><\/div>\n\n\n\n<h2>Rozmowy panelowe<\/h2>\n\n\n\n<p>Podczas paneli <strong>wsp\u00f3lnie ze znamienitymi go\u015b\u0107mi szukali\u015bmy rozwi\u0105za\u0144 <\/strong>pozwalaj\u0105cych zwi\u0119kszy\u0107 dost\u0119pno\u015b\u0107 wymiaru sprawiedliwo\u015bci w czasach epidemii i nie tylko.  Porozmawiali\u015bmy o tym, dlaczego jawno\u015b\u0107 post\u0119powania jest wa\u017cna tak\u017ce w trakcie pandemii. Zastanawiali\u015bmy si\u0119 te\u017c, w jaki spos\u00f3b posiedzenia on-line mog\u0105 wspom\u00f3c wymiar sprawiedliwo\u015bci teraz i w przysz\u0142o\u015bci. <\/p>\n\n\n\n<h2>Obywatelski S\u0119dzia Roku 2020<\/h2>\n\n\n\n<p>Nagrodzili\u015bmy s\u0119dziego, kt\u00f3ry w minionym roku wyr\u00f3\u017cni\u0142 si\u0119 w spos\u00f3b szczeg\u00f3lny dzia\u0142aniami na rzecz obywateli. Sprawiedliwo\u015b\u0107, sprawno\u015b\u0107 i szacunek dla uczestnik\u00f3w rozpraw powinna cechowa\u0107 ka\u017cdego s\u0119dziego. Dlatego przyznajemy nagrod\u0119 tym, kt\u00f3rych dzia\u0142alno\u015b\u0107 wykracza poza dzia\u0142alno\u015b\u0107 orzecznicz\u0105, za dzia\u0142ania zmniejszaj\u0105ce dystans mi\u0119dzy s\u0105dami a spo\u0142ecze\u0144stwem podejmowane poza sal\u0105 rozpraw.<\/p>\n\n\n\n<div class=\"wp-block-image no-color\"><figure class=\"aligncenter size-large\"><img loading=\"lazy\" width=\"1024\" height=\"581\" src=\"https:\/\/courtwatch.pl\/wp-content\/uploads\/2020\/09\/nagroda-1e-1-1024x581.jpg\" alt=\"\" class=\"wp-image-340927\" srcset=\"https:\/\/courtwatch.pl\/wp-content\/uploads\/2020\/09\/nagroda-1e-1-1024x581.jpg 1024w, https:\/\/courtwatch.pl\/wp-content\/uploads\/2020\/09\/nagroda-1e-1-300x170.jpg 300w, https:\/\/courtwatch.pl\/wp-content\/uploads\/2020\/09\/nagroda-1e-1-768x436.jpg 768w, https:\/\/courtwatch.pl\/wp-content\/uploads\/2020\/09\/nagroda-1e-1-1536x871.jpg 1536w, https:\/\/courtwatch.pl\/wp-content\/uploads\/2020\/09\/nagroda-1e-1-2048x1162.jpg 2048w, https:\/\/courtwatch.pl\/wp-content\/uploads\/2020\/09\/nagroda-1e-1-1200x681.jpg 1200w, https:\/\/courtwatch.pl\/wp-content\/uploads\/2020\/09\/nagroda-1e-1-1600x908.jpg 1600w\" sizes=\"(max-width: 1024px) 100vw, 1024px\" \/><figcaption>S\u0119dzia S\u0105du Najwy\u017cszego Prof. W\u0142odzimierz Wr\u00f3bel, Obywatelski S\u0119dzia Roku 2020<\/figcaption><\/figure><\/div>\n\n\n\n<h2>Nagrody dla najaktywniejszych Wolontariuszy<\/h2>\n\n\n\n<p>Wolontariusze to serce naszej Fundacji. Co roku kilkaset os\u00f3b po\u015bwi\u0119ca sw\u00f3j wolny czas na dzia\u0142ania na rzecz pozytywnych zmian w wymiarze sprawiedliwo\u015bci i pe\u0142ni rol\u0119 niezale\u017cnego Obserwatora na sali rozpraw. Podczas konferencji dzi\u0119kowali\u015bmy im za to!<\/p>\n\n\n\n<div class=\"wp-block-image no-color\"><figure class=\"aligncenter size-large\"><img loading=\"lazy\" width=\"1024\" height=\"624\" src=\"https:\/\/courtwatch.pl\/wp-content\/uploads\/2020\/09\/4-1024x624.jpg\" alt=\"\" class=\"wp-image-340997\" srcset=\"https:\/\/courtwatch.pl\/wp-content\/uploads\/2020\/09\/4-1024x624.jpg 1024w, https:\/\/courtwatch.pl\/wp-content\/uploads\/2020\/09\/4-300x183.jpg 300w, https:\/\/courtwatch.pl\/wp-content\/uploads\/2020\/09\/4-768x468.jpg 768w, https:\/\/courtwatch.pl\/wp-content\/uploads\/2020\/09\/4-1536x936.jpg 1536w, https:\/\/courtwatch.pl\/wp-content\/uploads\/2020\/09\/4-2048x1249.jpg 2048w, https:\/\/courtwatch.pl\/wp-content\/uploads\/2020\/09\/4-1200x732.jpg 1200w, https:\/\/courtwatch.pl\/wp-content\/uploads\/2020\/09\/4-1600x975.jpg 1600w\" sizes=\"(max-width: 1024px) 100vw, 1024px\" \/><figcaption>Wyr\u00f3\u017cnieni Wolontariusze z Obywatelskim S\u0119dzi\u0105 Roku<\/figcaption><\/figure><\/div>\n\n\n\n<h2>Formu\u0142a hybrydowa<\/h2>\n\n\n\n<p>W tym roku, wychodz\u0105c naprzeciw potrzebom wyj\u0105tkowego czasu, konferencja po raz pierwszy odby\u0142a si\u0119 w formule hybrydowej &#8211; mo\u017cna by\u0142o wzi\u0105\u0107 w niej udzia\u0142 zar\u00f3wno osobi\u015bcie, w Warszawie (liczba miejsc ograniczona), jak i online. Szczeg\u00f3\u0142owy program znajd\u0105 Pa\u0144stwo poni\u017cej.<\/p>\n\n\n\n<p><\/p>\n\n\n\n<p><\/p>\n\n\n\n<h2>G\u0142os zabrali:<\/h2>\n","protected":false},"excerpt":{"rendered":"<p>Zapis konferencji: Temat: (Nie)dost\u0119pne s\u0105dy? Polski wymiar sprawiedliwo\u015bci w trakcie i po pandemii.Data: 25 wrze\u015bnia 2020 S\u0105dy a Covid-19 Czas pandemii koronawirusa wp\u0142yn\u0105\u0142 na funkcjonowanie wszystkich instytucji publicznych, w tym r\u00f3wnie\u017c s\u0105d\u00f3w. Na kilka tygodni zawiesi\u0142y prac\u0119, co dodatkowo wyd\u0142u\u017cy\u0142o i tak d\u0142ugi czas rozpatrywania spraw. Po tym czasie s\u0105dy wr\u00f3ci\u0142y do orzekania, jednak obostrzenia [&hellip;]<\/p>\n","protected":false},"author":1,"featured_media":339984,"parent":6249,"menu_order":52,"comment_status":"closed","ping_status":"closed","template":"","meta":[],"_links":{"self":[{"href":"https:\/\/courtwatch.pl\/api\/wp\/v2\/pages\/340208"}],"collection":[{"href":"https:\/\/courtwatch.pl\/api\/wp\/v2\/pages"}],"about":[{"href":"https:\/\/courtwatch.pl\/api\/wp\/v2\/types\/page"}],"author":[{"embeddable":true,"href":"https:\/\/courtwatch.pl\/api\/wp\/v2\/users\/1"}],"replies":[{"embeddable":true,"href":"https:\/\/courtwatch.pl\/api\/wp\/v2\/comments?post=340208"}],"version-history":[{"count":23,"href":"https:\/\/courtwatch.pl\/api\/wp\/v2\/pages\/340208\/revisions"}],"predecessor-version":[{"id":343972,"href":"https:\/\/courtwatch.pl\/api\/wp\/v2\/pages\/340208\/revisions\/343972"}],"up":[{"embeddable":true,"href":"https:\/\/courtwatch.pl\/api\/wp\/v2\/pages\/6249"}],"wp:featuredmedia":[{"embeddable":true,"href":"https:\/\/courtwatch.pl\/api\/wp\/v2\/media\/339984"}],"wp:attachment":[{"href":"https:\/\/courtwatch.pl\/api\/wp\/v2\/media?parent=340208"}],"curies":[{"name":"wp","href":"https:\/\/api.w.org\/{rel}","templated":true}]}}

<h2>Zapis konferencji:</h2>



<figure class="wp-block-embed-youtube aligncenter wp-block-embed is-type-video is-provider-youtube wp-embed-aspect-16-9 wp-has-aspect-ratio"><div class="wp-block-embed__wrapper">
<iframe loading="lazy" title="Konferencja (Nie)dostępne sądy? Polski wymiar sprawiedliwości w trakcie i po pandemii." width="500" height="281" src="https://www.youtube.com/embed/tVtYs_bTyfM?start=3&#038;feature=oembed" frameborder="0" allow="accelerometer; autoplay; clipboard-write; encrypted-media; gyroscope; picture-in-picture" allowfullscreen></iframe>
</div></figure>



<hr class="wp-block-separator"/>



<p><strong>Temat:</strong> (Nie)dostępne sądy? Polski wymiar sprawiedliwości w trakcie i po pandemii.<br><strong>Data:</strong> 25 września 2020<br></p>



<hr class="wp-block-separator"/>



<h2>Sądy a Covid-19</h2>



<p>Czas pandemii koronawirusa wpłynął na funkcjonowanie wszystkich instytucji publicznych, w tym również sądów. Na kilka tygodni zawiesiły pracę, co dodatkowo wydłużyło i tak długi czas rozpatrywania spraw. Po tym czasie sądy wróciły do orzekania, jednak obostrzenia związane z bezpieczeństwem zdrowotnym miały i nadal mają wielki wpływ na dostępność sądów dla obywateli. <strong>Wbrew art. 45 Konstytucji obywatele mają ograniczony dostęp do wymiaru sprawiedliwości, w wielu sądach sprawy nie są rozpatrywane jawnie, a wyroki ogłasza się za zamkniętymi drzwiami.</strong></p>



<h2>Wyniki najnowszych raportów</h2>



<p>Podczas konferencji opublikowaliśmy, jak co roku, wyniki Obywatelskiego Monitoringu Sądów z ostatniego, rocznego cyklu. Były one jednak poszerzone o wyniki <strong>monitoringu przestrzegania zasady jawności</strong> w polskich sądach w ostatnich tygodniach. Sprawdziliśmy treść wszystkich zarządzeń prezesów sądów, a nasi Wolontariusze w sierpniu sprawdzili, jak działają one w praktyce w ponad 100 sądach w całej Polsce. </p>



<div style="height:41px" aria-hidden="true" class="wp-block-spacer"></div>



<div class="wp-block-button aligncenter"><a class="wp-block-button__link" href="https://courtwatch.pl/projekty/publikacje/obywatelski-monitoring-sadow-2020/">Raport z monitoringu przestrzegania zasady jawności</a></div>



<div style="height:40px" aria-hidden="true" class="wp-block-spacer"></div>



<p>Przedstawiliśmy również podsumowanie <strong>dobrych praktyk dostępności sądów w dobie pandemii z całego świata</strong>.  </p>



<div style="height:40px" aria-hidden="true" class="wp-block-spacer"></div>



<div class="wp-block-button aligncenter"><a class="wp-block-button__link" href="https://courtwatch.pl/projekty/publikacje/sady-dostepne-przez-internet/">Raport: Sądy dostępne przez Internet</a></div>



<div style="height:41px" aria-hidden="true" class="wp-block-spacer"></div>



<h2>Rozmowy panelowe</h2>



<p>Podczas paneli <strong>wspólnie ze znamienitymi gośćmi szukaliśmy rozwiązań </strong>pozwalających zwiększyć dostępność wymiaru sprawiedliwości w czasach epidemii i nie tylko.  Porozmawialiśmy o tym, dlaczego jawność postępowania jest ważna także w trakcie pandemii. Zastanawialiśmy się też, w jaki sposób posiedzenia on-line mogą wspomóc wymiar sprawiedliwości teraz i w przyszłości. </p>



<h2>Obywatelski Sędzia Roku 2020</h2>



<p>Nagrodziliśmy sędziego, który w minionym roku wyróżnił się w sposób szczególny działaniami na rzecz obywateli. Sprawiedliwość, sprawność i szacunek dla uczestników rozpraw powinna cechować każdego sędziego. Dlatego przyznajemy nagrodę tym, których działalność wykracza poza działalność orzeczniczą, za działania zmniejszające dystans między sądami a społeczeństwem podejmowane poza salą rozpraw.</p>



<div class="wp-block-image no-color"><figure class="aligncenter size-large"><img loading="lazy" width="1024" height="581" src="https://courtwatch.pl/wp-content/uploads/2020/09/nagroda-1e-1-1024x581.jpg" alt="" class="wp-image-340927" srcset="https://courtwatch.pl/wp-content/uploads/2020/09/nagroda-1e-1-1024x581.jpg 1024w, https://courtwatch.pl/wp-content/uploads/2020/09/nagroda-1e-1-300x170.jpg 300w, https://courtwatch.pl/wp-content/uploads/2020/09/nagroda-1e-1-768x436.jpg 768w, https://courtwatch.pl/wp-content/uploads/2020/09/nagroda-1e-1-1536x871.jpg 1536w, https://courtwatch.pl/wp-content/uploads/2020/09/nagroda-1e-1-2048x1162.jpg 2048w, https://courtwatch.pl/wp-content/uploads/2020/09/nagroda-1e-1-1200x681.jpg 1200w, https://courtwatch.pl/wp-content/uploads/2020/09/nagroda-1e-1-1600x908.jpg 1600w" sizes="(max-width: 1024px) 100vw, 1024px" /><figcaption>Sędzia Sądu Najwyższego Prof. Włodzimierz Wróbel, Obywatelski Sędzia Roku 2020</figcaption></figure></div>



<h2>Nagrody dla najaktywniejszych Wolontariuszy</h2>



<p>Wolontariusze to serce naszej Fundacji. Co roku kilkaset osób poświęca swój wolny czas na działania na rzecz pozytywnych zmian w wymiarze sprawiedliwości i pełni rolę niezależnego Obserwatora na sali rozpraw. Podczas konferencji dziękowaliśmy im za to!</p>



<div class="wp-block-image no-color"><figure class="aligncenter size-large"><img loading="lazy" width="1024" height="624" src="https://courtwatch.pl/wp-content/uploads/2020/09/4-1024x624.jpg" alt="" class="wp-image-340997" srcset="https://courtwatch.pl/wp-content/uploads/2020/09/4-1024x624.jpg 1024w, https://courtwatch.pl/wp-content/uploads/2020/09/4-300x183.jpg 300w, https://courtwatch.pl/wp-content/uploads/2020/09/4-768x468.jpg 768w, https://courtwatch.pl/wp-content/uploads/2020/09/4-1536x936.jpg 1536w, https://courtwatch.pl/wp-content/uploads/2020/09/4-2048x1249.jpg 2048w, https://courtwatch.pl/wp-content/uploads/2020/09/4-1200x732.jpg 1200w, https://courtwatch.pl/wp-content/uploads/2020/09/4-1600x975.jpg 1600w" sizes="(max-width: 1024px) 100vw, 1024px" /><figcaption>Wyróżnieni Wolontariusze z Obywatelskim Sędzią Roku</figcaption></figure></div>



<h2>Formuła hybrydowa</h2>



<p>W tym roku, wychodząc naprzeciw potrzebom wyjątkowego czasu, konferencja po raz pierwszy odbyła się w formule hybrydowej &#8211; można było wziąć w niej udział zarówno osobiście, w Warszawie (liczba miejsc ograniczona), jak i online. Szczegółowy program znajdą Państwo poniżej.</p>



<p></p>



<p></p>



<h2>Głos zabrali:</h2>

<p>Zapis konferencji: Temat: (Nie)dostępne sądy? Polski wymiar sprawiedliwości w trakcie i po pandemii.Data: 25 września 2020 Sądy a Covid-19 Czas pandemii koronawirusa wpłynął na funkcjonowanie wszystkich instytucji publicznych, w tym również sądów. Na kilka tygodni zawiesiły pracę, co dodatkowo wydłużyło i tak długi czas rozpatrywania spraw. Po tym czasie sądy wróciły do orzekania, jednak obostrzenia [&hellip;]</p>
