{"id":344553,"date":"2021-10-11T09:54:50","date_gmt":"2021-10-11T07:54:50","guid":{"rendered":"https:\/\/courtwatch.pl\/?page_id=344553"},"modified":"2022-09-24T13:22:33","modified_gmt":"2022-09-24T11:22:33","slug":"ocena-polskiego-sadownictwa-w-swietle-badan-vol-3","status":"publish","type":"page","link":"https:\/\/courtwatch.pl\/projekty\/publikacje\/ocena-polskiego-sadownictwa-w-swietle-badan-vol-3\/","title":{"rendered":"Ocena polskiego s\u0105downictwa w \u015bwietle bada\u0144, vol. 3"},"content":{"rendered":"","protected":false},"excerpt":{"rendered":"<p>Nadal utrzymuj\u0105 si\u0119 negatywne tendencje, kt\u00f3re sygnalizowali\u015bmy przed dwoma laty, przez co og\u00f3lny bilans spo\u0142ecznych efekt\u00f3w zmian w wymiarze sprawiedliwo\u015bci wprowadzanych przez rz\u0105d Zjednoczonej Prawicy i Prezydenta Andrzeja Dud\u0119 nale\u017cy uzna\u0107 za ujemny.<\/p>\n","protected":false},"author":7047,"featured_media":344555,"parent":6680,"menu_order":61,"comment_status":"closed","ping_status":"closed","template":"","meta":[],"_links":{"self":[{"href":"https:\/\/courtwatch.pl\/api\/wp\/v2\/pages\/344553"}],"collection":[{"href":"https:\/\/courtwatch.pl\/api\/wp\/v2\/pages"}],"about":[{"href":"https:\/\/courtwatch.pl\/api\/wp\/v2\/types\/page"}],"author":[{"embeddable":true,"href":"https:\/\/courtwatch.pl\/api\/wp\/v2\/users\/7047"}],"replies":[{"embeddable":true,"href":"https:\/\/courtwatch.pl\/api\/wp\/v2\/comments?post=344553"}],"version-history":[{"count":1,"href":"https:\/\/courtwatch.pl\/api\/wp\/v2\/pages\/344553\/revisions"}],"predecessor-version":[{"id":344556,"href":"https:\/\/courtwatch.pl\/api\/wp\/v2\/pages\/344553\/revisions\/344556"}],"up":[{"embeddable":true,"href":"https:\/\/courtwatch.pl\/api\/wp\/v2\/pages\/6680"}],"wp:featuredmedia":[{"embeddable":true,"href":"https:\/\/courtwatch.pl\/api\/wp\/v2\/media\/344555"}],"wp:attachment":[{"href":"https:\/\/courtwatch.pl\/api\/wp\/v2\/media?parent=344553"}],"curies":[{"name":"wp","href":"https:\/\/api.w.org\/{rel}","templated":true}]}}

Ocena polskiego sądownictwa w świetle badań, vol. 3

<p>Nadal utrzymują się negatywne tendencje, które sygnalizowaliśmy przed dwoma laty, przez co ogólny bilans społecznych efektów zmian w wymiarze sprawiedliwości wprowadzanych przez rząd Zjednoczonej Prawicy i Prezydenta Andrzeja Dudę należy uznać za ujemny.</p>
